75 and 2450.
1225
Calculate the highest common factor of 190128 and 25056354.
1398
What is the highest common factor of 469840 and 1648?
16
What is the highest common divisor of 23713 and 643333?
23
What is the greatest common divisor of 3355 and 1648790?
55
What is the highest common factor of 23522 and 61180?
38
What is the greatest common factor of 269657 and 637969?
6577
What is the greatest common factor of 5720342 and 25923?
8641
Calculate the highest common divisor of 36945478 and 329.
47
Calculate the highest common factor of 10116133 and 49111.
733
What is the highest common factor of 12 and 932284740?
12
Calculate the highest common divisor of 6729 and 795540511.
2243
What is the greatest common divisor of 80062659 and 9?
9
What is the greatest common divisor of 98216 and 1288?
8
What is the highest common factor of 14290451 and 1946?
973
What is the greatest common factor of 1575 and 860706?
63
Calculate the highest common divisor of 210 and 15508410.
30
What is the highest common divisor of 36120 and 254940?
420
Calculate the greatest common divisor of 5562161 and 3597.
1199
What is the highest common divisor of 351 and 14579890?
13
Calculate the greatest common factor of 13310 and 709390.
110
Calculate the greatest common factor of 406 and 14214930.
58
Calculate the greatest common divisor of 117719 and 242473.
469
What is the highest common divisor of 12242058 and 11472?
1434
What is the highest common divisor of 46 and 664051906?
46
What is the highest common divisor of 84575 and 126242?
17
What is the highest common divisor of 7599 and 1978869?
447
Calculate the greatest common divisor of 10318 and 311542.
154
Calculate the greatest common divisor of 696 and 4552992.
24
Calculate the highest common factor of 10855 and 6022855.
835
Calculate the highest common factor of 10549 and 141988.
77
What is the highest common divisor of 163676074 and 16446?
5482
Calculate the highest common factor of 30639 and 11095.
7
Calculate the greatest common factor of 52 and 144207843.
13
Calculate the highest common divisor of 5408550 and 45.
45
What is the highest common factor of 44 and 318327922?
22
What is the greatest common divisor of 3675 and 3246?
3
What is the highest common factor of 1825 and 262654?
73
What is the greatest common factor of 11955225 and 375?
75
Calculate the highest common factor of 35264 and 5966228.
2204
What is the highest common factor of 6175988 and 164500?
1316
What is the greatest common factor of 855522 and 22896?
54
Calculate the highest common divisor of 24716552 and 154.
14
Calculate the highest common factor of 6 and 74708842.
2
What is the greatest common divisor of 32625 and 5995125?
1125
What is the greatest common divisor of 2137129 and 39931?
547
What is the greatest common divisor of 100979 and 5784?
241
What is the greatest common divisor of 660670 and 100?
10
What is the highest common divisor of 1508 and 143854906?
754
Calculate the greatest common factor of 222282 and 663984.
954
Calculate the highest common divisor of 8411487 and 4263.
147
Calculate the greatest common divisor of 1616 and 19602888.
808
Calculate the highest common divisor of 3411 and 352152019.
379
What is the greatest common factor of 904501 and 5699?
41
What is the highest common divisor of 25720 and 54630?
10
Calculate the highest common divisor of 194879825 and 455.
35
What is the greatest common divisor of 2234553 and 7152?
447
Calculate the highest common factor of 1892871399 and 1597.
1597
Calculate the highest common divisor of 39 and 83904899.
13
What is the highest common divisor of 390 and 5749120?
130
What is the greatest common divisor of 4013874861 and 10743?
10743
What is the highest common divisor of 652288 and 6188?
364
What is the greatest common divisor of 608559424 and 74?
74
Calculate the greatest common divisor of 352760 and 1000.
40
Calculate the greatest common divisor of 7922504 and 136.
8
Calculate the highest common factor of 41000 and 2480.
40
Calculate the highest common divisor of 5637914 and 68.
34
Calculate the highest common divisor of 7851926 and 51.
17
Calculate the greatest common factor of 644 and 134872.
92
What is the highest common divisor of 686975 and 12275?
25
Calculate the highest common factor of 153 and 20118939.
51
Calculate the highest common factor of 4496384 and 1792.
256
What is the greatest common divisor of 967194 and 4428?
54
Calculate the highest common factor of 3284 and 782142070.
1642
What is the greatest common divisor of 1596560 and 12600?
280
Calculate the greatest common factor of 219 and 3221319.
3
Calculate the highest common factor of 19 and 148822858.
19
Calculate the highest common divisor of 3 and 10270170.
3
What is the highest common divisor of 1746050 and 2914?
94
Calculate the greatest common divisor of 138175435 and 5.
5
Calculate the highest common factor of 396865 and 10166.
391
What is the greatest common divisor of 116 and 7095923?
29
What is the highest common factor of 12722566 and 606?
202
Calculate the highest common factor of 4245303 and 68799.
4047
What is the greatest common divisor of 2919040 and 50?
10
What is the highest common factor of 23690134 and 299?
13
Calculate the greatest common factor of 1736 and 3170556.
124
What is the highest common divisor of 4786684 and 1484?
28
Calculate the highest common factor of 73574634 and 84.
42
What is the highest common factor of 3399561 and 77?
11
Calculate the highest common factor of 3666 and 464945.
13
Calculate the greatest common divisor of 21400260 and 276100.
5020
What is the highest common factor of 197263764 and 36?
36
Calculate the highest common factor of 8561134 and 532.
38
What is the greatest common factor of 38588150 and 550?
50
What is the highest common divisor of 12988 and 478091527?
3247
Calculate the greatest common divisor of 35 and 103344940.
5
What is the greatest common divisor of 1026 and 252662?
38
What is the greatest common factor of 26082 and 18986454?
1242
What is the highest common factor of 65746 and 19241?
71
What is the highest common factor of 106 and 4294007?
53
What is the highest common divisor of 1727 and 1260396?
157
What is the greatest common divisor of 115571796 and 2301?
177
Calculate the highest common factor of 2314 and 1467622.
26
Calculate the highest common divisor of 230 and 1832590.
10
What is the greatest common divisor of 127215954 and 11502?
3834
Calculate the highest common divisor of 801 and 55685342.
89
What is the greatest common divisor of 48041385 and 56?
7
What is the greatest common factor of 2374740 and 4175?
835
Calculate the greatest common factor of 1335 and 6815175.
1335
What is the highest common factor of 13146734 and 774?
86
What is the greatest common factor of 20 and 52874660?
20
Calculate the highest common divisor of 556839171 and 9.
9
What is the highest common divisor of 2878725 and 50?
25
Calculate the highest common divisor of 70505729 and 7.
7
What is the highest common divisor of 1761822 and 324?
18
Calculate the greatest common factor of 1518462 and 594.
198
Calculate the greatest common factor of 224241006 and 66.
66
Calculate the greatest common factor of 4311773 and 1169.
167
Calculate the greatest common divisor of 13245 and 128578045.
4415
Calculate the greatest common factor of 4299748 and 658.
94
What is the greatest common factor of 172746 and 661068?
54
Calculate the greatest common divisor of 920667 and 345.
69
Calculate the greatest common factor of 265 and 28340690.
265
What is the greatest common factor of 3765163 and 5466?
911
What is the highest common divisor of 6776252 and 252?
28
Calculate the highest common divisor of 1221891 and 3035.
607
Calculate the greatest common factor of 45 and 19275111.
9
Calculate the greatest common divisor of 10405850 and 173810.
910
What is the highest common divisor of 974 and 25798825?
487
Calculate the highest common divisor of 21 and 52265528.
7
Calculate the greatest common factor of 74 and 10197089.
37
Calculate the greatest common divisor of 1866063970 and 10.
10
What is the highest common factor of 2643627 and 2373?
21
What is the highest common factor of 46434 and 1510413?
327
What is the highest common factor of 108862 and 1885?
13
What is the highest common di